0865443?
7
What is the millions digit of 57726451?
7
What is the hundreds digit of 40970720?
7
What is the units digit of 1704859725?
5
What is the hundred thousands digit of 7303719?
3
What is the hundred thousands digit of 76834853?
8
What is the ten thousands digit of 128364204?
6
What is the thousands digit of 329466921?
6
What is the ten millions digit of 805163644?
0
What is the tens digit of 14371923?
2
What is the millions digit of 525550893?
5
What is the ten millions digit of 259153502?
5
What is the ten thousands digit of 4599520421?
2
What is the ten millions digit of 390730466?
9
What is the units digit of 1415361?
1
What is the units digit of 5412623762?
2
What is the ten millions digit of 388173561?
8
What is the ten thousands digit of 61068349?
6
What is the units digit of 15842993?
3
What is the hundreds digit of 23660828?
8
What is the thousands digit of 4335077323?
7
What is the hundred millions digit of 744832875?
7
What is the ten thousands digit of 10113835?
1
What is the units digit of 174191786?
6
What is the units digit of 3092277821?
1
What is the ten millions digit of 398720892?
9
What is the millions digit of 38931607?
8
What is the units digit of 164217266?
6
What is the ten thousands digit of 327641250?
4
What is the tens digit of 1546666025?
2
What is the hundred millions digit of 1833922974?
8
What is the ten millions digit of 20105986?
2
What is the tens digit of 156873558?
5
What is the hundred millions digit of 102701452?
1
What is the thousands digit of 1075198146?
8
What is the ten millions digit of 21973321?
2
What is the ten thousands digit of 129878694?
7
What is the hundred thousands digit of 400143549?
1
What is the millions digit of 820271998?
0
What is the units digit of 68398278?
8
What is the units digit of 49728486?
6
What is the ten thousands digit of 2003743625?
4
What is the ten millions digit of 63753663?
6
What is the ten millions digit of 101759656?
0
What is the hundred millions digit of 316036349?
3
What is the hundred thousands digit of 2259492533?
4
What is the thousands digit of 57319799?
9
What is the ten millions digit of 28396064?
2
What is the ten thousands digit of 55040794?
4
What is the ten thousands digit of 74102010?
0
What is the hundreds digit of 231330109?
1
What is the hundred thousands digit of 48539726?
5
What is the billions digit of 4155698893?
4
What is the thousands digit of 19621297?
1
What is the tens digit of 1575620761?
6
What is the ten millions digit of 123632756?
2
What is the ten millions digit of 2430111130?
3
What is the millions digit of 90364313?
0
What is the hundred millions digit of 1900846154?
9
What is the hundred millions digit of 2060626042?
0
What is the tens digit of 1649919377?
7
What is the ten thousands digit of 86407744?
0
What is the hundred thousands digit of 86479914?
4
What is the billions digit of 3665520242?
3
What is the millions digit of 76541536?
6
What is the ten thousands digit of 20479066?
7
What is the millions digit of 509905187?
9
What is the tens digit of 352123200?
0
What is the billions digit of 3784259734?
3
What is the millions digit of 146443095?
6
What is the hundred millions digit of 2566934890?
5
What is the millions digit of 792533232?
2
What is the millions digit of 374391416?
4
What is the units digit of 1088540301?
1
What is the hundreds digit of 595307092?
0
What is the ten millions digit of 835060905?
3
What is the ten millions digit of 32135728?
3
What is the thousands digit of 47453512?
3
What is the ten thousands digit of 129204518?
0
What is the hundred millions digit of 706221589?
7
What is the hundreds digit of 185747887?
8
What is the ten millions digit of 99971686?
9
What is the hundred millions digit of 403199003?
4
What is the hundred thousands digit of 63649938?
6
What is the hundreds digit of 37191680?
6
What is the units digit of 47133167?
7
What is the tens digit of 297984561?
6
What is the ten thousands digit of 46005180?
0
What is the ten thousands digit of 84110598?
1
What is the tens digit of 122357028?
2
What is the thousands digit of 121681311?
1
What is the ten millions digit of 171617074?
7
What is the units digit of 121054767?
7
What is the thousands digit of 4102700?
2
What is the hundred thousands digit of 48441385?
4
What is the ten thousands digit of 77150303?
5
What is the ten millions digit of 1102875341?
0
What is the hundreds digit of 40853278?
2
What is the hundred thousands digit of 1007039110?
0
What is the ten thousands digit of 4145932?
4
What is the ten thousands digit of 200359503?
5
What is the hundred thousands digit of 3447197344?
1
What is the ten thousands digit of 4369232776?
3
What is the hundreds digit of 1269273320?
3
What is the millions digit of 233959030?
3
What is the tens digit of 858064751?
5
What is the tens digit of 158937934?
3
What is the units digit of 303947085?
5
What is the hundreds digit of 436051556?
5
What is the thousands digit of 250115171?
5
What is the thousands digit of 420097847?
7
What is the ten thousands digit of 238643172?
4
What is the ten millions digit of 36153302?
3
What is the units digit of 23892568?
8
What is the units digit of 34364499?
9
What is the billions digit of 1903998512?
1
What is the ten millions digit of 16309680?
1
What is the units digit of 30129479?
9
What is the millions digit of 100161782?
0
What is the millions digit of 30631051?
0
What is the millions digit of 529023950?
9
What is the hundreds digit of 27905858?
8
What is the hundreds digit of 2323367226?
2
What is the hundreds digit of 2552701976?
9
What is the ten thousands digit of 37344303?
4
What is the thousands digit of 129209606?
9
What is the units digit of 57932477?
7
What is the thousands digit of 2472100021?
0
What is the units digit of 144475576?
6
What is the hundred thousands digit of 1646103841?
1
What is the thousands digit of 111184685?
4
What is the ten millions digit of 1376167422?
7
What is the millions digit of 2109058515?
9
What is the thousands digit of 81965543?
5
What is the billions digit of 2315404775?
2
What is the millions digit of 3305472747?
5
What is the ten thousands digit of 3085812986?
1
What is the hundred thousands digit of 142203175?
2
What is the tens digit of 414462326?
2
What is the ten thousands digit of 3307179555?
7
What is the tens digit of 38431801?
0
What is the millions digit of 321291653?
1
What is the tens digit of 4544050390?
9
What is the ten thousands digit of 249252218?
5
What is the tens digit of 139836792?
9
What is the ten thousands digit of 85912186?
1
What is the units digit of 26192111?
1
What is the hundred thousands digit of 97457741?
4
What is the tens digit of 67701897?
9
What is the thousands digit of 5421295637?
5
What is the millions digit of 96595182?
6
What is the hundred thousands digit of 6194173?
1
What is the tens digit of 2343573414?
1
What is the tens digit of 358759053?
5
What is the ten millions digit of 311083923?
1
What is the thousands digit of 960077478?
7
What is the thousands digit of 311385339?
5
What is the hundred thousands digit of 3713569891?
5
What is the ten millions digit of 107942204?
0
What is the hundred thousands digit of 861490?
8
What is the ten millions digit of 1315187272?
1
What is the ten thousands digit of 1149074220?
7
What is the units digit of 304836984?
4
What is the millions digit of 571779538?
1
What is the thousands digit of 155607481?
7
What is the thousands digit of 847625117?
5
What is the millions digit of 160870841?
0
What is the ten thousands digit of 245448271?
4
What is the units digit of 1317224910?
0
What is the ten millions digit of 301616410?
0
What is the hundreds digit of 2110147016?
0
What is the units digit of 22380532?
2
What is the hundred thousands digit of 4863462?
8
What is the hundreds digit of 93459887?
8
What is the tens digit of 70588778?
7
What is the hundred millions digit of 198934279?
1
What is the millions digit of 30763382?
0
What is the hundred millions digit of 2439001256?
4
What is the ten thousands digit of 1056839472?
3
What is the ten thousands digit of 143245425?
4
What is the thousands digit of 549142167?
2
What is the hundreds digit of 50039181?
1
What is the units digit of 3452430746?
6
What is the units digit of